lse
Is 3133 a multiple of 18?
False
Is 12088 a multiple of 141?
False
Is 372 a multiple of 6?
True
Does 50 divide 2350?
True
Is 30 a factor of 690?
True
Is 37 a factor of 2183?
True
Does 14 divide 4241?
False
Is 5022 a multiple of 18?
True
Does 12 divide 661?
False
Does 12 divide 1644?
True
Is 216 a multiple of 27?
True
Is 354 a multiple of 43?
False
Is 3840 a multiple of 24?
True
Is 1673 a multiple of 69?
False
Does 5 divide 2550?
True
Is 3 a factor of 263?
False
Does 22 divide 209?
False
Is 52 a factor of 5512?
True
Is 1376 a multiple of 16?
True
Is 714 a multiple of 12?
False
Does 14 divide 14?
True
Does 28 divide 538?
False
Is 219 a multiple of 88?
False
Is 165 a factor of 14935?
False
Does 79 divide 35508?
False
Is 44 a multiple of 3?
False
Is 780 a multiple of 52?
True
Does 23 divide 1610?
True
Is 5 a factor of 10?
True
Is 29832 a multiple of 12?
True
Does 36 divide 69336?
True
Does 83 divide 3945?
False
Is 43 a factor of 4902?
True
Is 12 a factor of 2357?
False
Is 6 a factor of 2660?
False
Does 12 divide 11436?
True
Is 312 a multiple of 8?
True
Is 398 even?
True
Does 4 divide 2112?
True
Is 15 a factor of 270?
True
Is 2 a factor of 3737?
False
Is 143 a factor of 3639?
False
Is 784 a multiple of 31?
False
Is 7137 a multiple of 183?
True
Is 29 a factor of 2900?
True
Is 4616 a multiple of 11?
False
Is 125 a factor of 12000?
True
Does 6 divide 2019?
False
Is 7 a factor of 338?
False
Is 28 a factor of 946?
False
Is 799 a multiple of 47?
True
Does 8 divide 72624?
True
Is 3845 a multiple of 7?
False
Is 2870 a multiple of 41?
True
Does 93 divide 3441?
True
Does 9 divide 3019?
False
Is 25 a factor of 408?
False
Is 23429 a multiple of 7?
True
Does 33 divide 1221?
True
Is 104 a factor of 355?
False
Does 4 divide 1052?
True
Is 1710 a multiple of 8?
False
Is 4660 a multiple of 25?
False
Does 38 divide 3245?
False
Does 34 divide 7716?
False
Is 8229 a multiple of 22?
False
Is 2376 a multiple of 9?
True
Is 970 a multiple of 3?
False
Is 4 a factor of 112?
True
Is 366 a multiple of 6?
True
Is 31 a factor of 1706?
False
Is 3749 a multiple of 11?
False
Does 18 divide 26154?
True
Is 4 a factor of 187?
False
Is 3263 a multiple of 53?
False
Is 1368 a multiple of 63?
False
Does 77 divide 26026?
True
Is 20 a factor of 500?
True
Is 833 even?
False
Does 162 divide 13932?
True
Is 9 a factor of 312?
False
Does 14 divide 588?
True
Does 137 divide 73295?
True
Is 385 a multiple of 10?
False
Is 15 a factor of 1459?
False
Does 40 divide 4607?
False
Is 73 a factor of 4453?
True
Does 41 divide 1368?
False
Does 91 divide 26153?
False
Does 8 divide 81?
False
Does 6 divide 219?
False
Is 1260 a multiple of 12?
True
Is 84 a factor of 16246?
False
Is 24 a factor of 4818?
False
Is 5 a factor of 2353?
False
Does 34 divide 19142?
True
Is 6749 a multiple of 17?
True
Is 15 a factor of 690?
True
Does 25 divide 5142?
False
Is 63 a factor of 10836?
True
Is 20 a factor of 1740?
True
Is 1652 a multiple of 169?
False
Does 182 divide 6300?
False
Does 11 divide 146?
False
Is 230 even?
True
Is 17 a factor of 9486?
True
Does 342 divide 33174?
True
Is 26520 a multiple of 284?
False
Does 188 divide 17375?
False
Does 14 divide 301?
False
Is 71 a factor of 1633?
True
Is 17 a factor of 510?
True
Does 7 divide 133?
True
Does 84 divide 1008?
True
Is 39 a factor of 2652?
True
Does 6 divide 383?
False
Does 7 divide 2471?
True
Is 32 a factor of 27313?
False
Is 5 a factor of 982?
False
Does 92 divide 53993?
False
Is 4095 a multiple of 35?
True
Is 24 a factor of 4944?
True
Is 2541 a multiple of 5?
False
Is 3 a factor of 877?
False
Does 90 divide 1890?
True
Is 432 a multiple of 8?
True
Is 11 a factor of 27579?
False
Is 96699 a multiple of 11?
False
Does 8 divide 1382?
False
Is 61 a factor of 1552?
False
Is 14 a multiple of 4?
False
Does 14 divide 770?
True
Is 20 a factor of 74345?
False
Is 2156 a multiple of 28?
True
Does 18 divide 1076?
False
Is 13681 a multiple of 5?
False
Does 16 divide 720?
True
Is 8267 a multiple of 12?
False
Does 240 divide 37200?
True
Does 20 divide 1180?
True
Does 38 divide 3455?
False
Does 40 divide 660?
False
Is 1428 a multiple of 17?
True
Is 3 a factor of 147?
True
Is 912 a multiple of 24?
True
Is 21 a factor of 14175?
True
Does 19 divide 304?
True
Is 49200 a multiple of 15?
True
Is 109219 a multiple of 271?
False
Is 5932 a multiple of 62?
False
Does 117 divide 886?
False
Does 40 divide 2560?
True
Is 375 a multiple of 25?
True
Is 9240 a multiple of 168?
True
Is 2975 a multiple of 2?
False
Does 35 divide 6265?
True
Is 63 a factor of 2046?
False
Is 15209 a multiple of 200?
False
Does 3 divide 1320?
True
Is 22 a factor of 205?
False
Is 1727 a multiple of 21?
False
Does 59 divide 1888?
True
Does 5 divide 355?
True
Is 4261 a multiple of 206?
False
Is 836 a multiple of 38?
True
Does 91 divide 92365?
True
Does 104 divide 1768?
True
Does 33 divide 1378?
False
Does 79 divide 391?
False
Is 40 a factor of 5163?
False
Does 30 divide 14160?
True
Is 25 a factor of 1973?
False
Does 32 divide 160?
True
Does 19 divide 52?
False
Is 256 a multiple of 80?
False
Is 3888 a multiple of 144?
True
Is 8514 a multiple of 133?
False
Is 731 a multiple of 4?
False
Does 7 divide 903?
True
Does 7 divide 28973?
True
Does 2 divide 7093?
False
Is 2007 a multiple of 30?
False
Is 1445 a multiple of 5?
True
Does 52 divide 5262?
False
Does 10 divide 2565?
False
Is 127 a factor of 56896?
True
Is 7396 a multiple of 87?
False
Does 10 divide 569?
False
Is 5 a factor of 2110?
True
Is 2100 a multiple of 30?
True
Does 9 divide 534?
False
Does 25 divide 25825?
True
Does 13 divide 14378?
True
Is 5354 a multiple of 2?
True
Does 34 divide 192712?
True
Does 6 divide 182?
False
Does 22 divide 2266?
True
Is 6 a factor of 114?
True
Is 77 a factor of 13345?
False
Is 362 a multiple of 26?
False
Is 4 a factor of 23?
False
Is 5 a factor of 95?
True
Does 23 divide 1838?
False
Is 24 a factor of 25436?
False
Is 104 a factor of 20568?
False
Is 10 a factor of 2080?
True
Is 31361 a multiple of 20?
False
Is 853 a multiple of 21?
False
Does 9 divide 441?
True
Does 12 divide 336?
True
Is 6834 a multiple of 13?
False
Does 8 divide 11920?
True
Is 76560 a multiple of 20?
True
Is 70 a factor of 17360?
True
Is 23 a factor of 607?
False
Is 13 a factor of 889?
False
Is 793 a multiple of 13?
True
Is 69 a factor of 5301?
False
Does 37 divide 18722?
True
Is 18 a factor of 21213?
False
Is 130 a multiple of 26?
True
Is 110 a multiple of 16?
False
Is 45 a factor of 360?
True
Does 32 divide 848?
False
Is 275 a multiple of 53?
False
Does 138 divide 12320?
False
Does 84 divide 1492?
False
Is 19 a factor of 240?
False
Does 120 divide 23847?
False
Is 924 a multiple of 17?
False
Is 3 a factor of 471?
True
Is 4 a factor of 474?
False
Is 2033 a multiple of 14?
False
Is 16 a factor of 7264?
True
Is 5 a factor of 330?
True
Does 26 divide 6890?
True
Is 5 a factor of 16165?
True
Does 26 divide 28418?
True
Is 4 a factor of 28736?
True
Does 17 divide 626?
False
Does 50 divide 48287?
False
Is 179 a factor of 31290?
False
Is 3042 a multiple of 78?
True
Is 4 a factor of 1547?
False
Does 247 divide 9139?
True
Does 229 divide 5038?
True
Is 360 a multiple of 45?
True
Does 7 divide 1138?
False
Is 15 a factor of 818?
False
Does 79 divide 6241?
True
Does 34 divide 1768?
True
Is 381 a multiple of 6?
False
Does 11 divide 16390?
True
Is 106 a factor of 3615?
False
Does 25 divide 4955?
False
Is 96129 a multiple of 99?
True
Is 3770 a multiple of 13?
True
Is 15168 a multiple of 16?
True
Is 17 a factor of 2393?
False
Does 5 divide 5704?
False
Does 4 divide 223?
False
Does 71 divide 4271?
False
Is 86 a factor of 1978?
True
Is 735 a multiple of 35?
True
Does 223 divide 16008?
False
Is 2730 a multiple of 15?
True
Does 15 divide 1994?
False
Is 33 a factor of 3597?
True
Is 15 a factor of 90?
True
Does 92 divide 2024?
True
Is 110 a factor of 78320?
True
Is 928 a multiple of 29?
True
Is 6650 a multiple of 95?
True
Is 186 a multiple of 11?
False
Is 1789 a multiple of 2?
False
Is 4 a factor of 45?
False
Is 10 a factor of 54130?
True
Is 475 a multiple of 53?
False
Does 338 divide 90549?
False
Is 16 a factor of 10928?
True
Is 3 a factor of 255?
True
Is 64 a factor of 2816?
True
Is 18 a factor of 3470?
False
Does 40 divide 35680?
True
Is 1380 a multiple of 9?
False
Does 7 divide 293?
False
Is 